he greatest common divisor of 1637505 and 30?
15
Calculate the greatest common divisor of 18 and 509148.
18
What is the greatest common factor of 864725 and 45?
5
Calculate the greatest common factor of 326 and 1267651.
163
What is the greatest common factor of 1532936 and 40?
8
What is the highest common divisor of 2646 and 1715?
49
Calculate the highest common divisor of 20 and 22824.
4
Calculate the greatest common factor of 79637 and 194.
97
Calculate the highest common factor of 130 and 10910.
10
Calculate the highest common factor of 85042 and 2947.
421
Calculate the greatest common divisor of 972517 and 52.
13
What is the greatest common factor of 912961 and 7?
7
Calculate the highest common factor of 830 and 95.
5
What is the greatest common divisor of 2848270 and 410?
410
What is the highest common factor of 10560 and 1740?
60
What is the greatest common divisor of 5024096 and 352?
352
What is the greatest common factor of 70083 and 2106?
117
Calculate the highest common factor of 264877 and 187.
17
What is the greatest common factor of 57570 and 24?
6
Calculate the highest common divisor of 57 and 5396.
19
What is the greatest common factor of 902 and 7544?
82
Calculate the greatest common factor of 764096 and 448.
64
Calculate the highest common factor of 32022 and 297.
27
What is the highest common divisor of 8624 and 5978?
98
What is the highest common divisor of 4783 and 3?
1
Calculate the greatest common factor of 10 and 71380.
10
What is the greatest common factor of 285 and 50350?
95
What is the greatest common factor of 59670 and 2430?
270
What is the greatest common divisor of 61314 and 6798?
66
What is the greatest common divisor of 5408 and 1313?
13
Calculate the greatest common divisor of 2554 and 32.
2
Calculate the greatest common factor of 49922 and 3664.
458
Calculate the highest common factor of 26 and 1071902.
26
What is the greatest common factor of 1561 and 287?
7
What is the highest common divisor of 190 and 29026?
2
What is the greatest common divisor of 576546 and 3130?
626
What is the highest common factor of 304732 and 10366?
142
What is the greatest common divisor of 118 and 974444?
118
Calculate the highest common divisor of 225965 and 215.
215
Calculate the greatest common factor of 1162 and 167909.
581
Calculate the highest common factor of 107 and 1214771.
107
What is the greatest common factor of 2 and 2325094?
2
Calculate the greatest common divisor of 7514 and 88400.
442
Calculate the greatest common divisor of 594 and 5946.
6
What is the highest common divisor of 50 and 1780?
10
Calculate the highest common divisor of 58506 and 105.
21
Calculate the highest common divisor of 225 and 396925.
25
Calculate the greatest common divisor of 20 and 2674730.
10
Calculate the greatest common divisor of 1090 and 91015.
545
What is the highest common factor of 58875 and 5809?
157
Calculate the greatest common factor of 16828 and 182.
14
What is the highest common divisor of 15 and 12425?
5
What is the greatest common divisor of 300061 and 3629?
191
What is the highest common factor of 3961 and 28193?
233
What is the greatest common divisor of 333437 and 9971?
169
What is the greatest common factor of 38583 and 810?
27
What is the highest common divisor of 256511 and 2985?
199
Calculate the greatest common factor of 35236 and 10488.
92
Calculate the highest common factor of 65968 and 48.
16
Calculate the greatest common factor of 214 and 27713.
107
What is the highest common divisor of 1904 and 4148?
68
Calculate the highest common divisor of 205271 and 11.
11
What is the highest common divisor of 1063488 and 29?
29
Calculate the highest common divisor of 36 and 184.
4
Calculate the highest common factor of 4585237 and 1637.
1637
What is the greatest common factor of 2783116 and 28?
28
Calculate the greatest common divisor of 344 and 37386.
2
What is the highest common divisor of 66675 and 210?
105
What is the highest common factor of 4238 and 182?
26
What is the greatest common factor of 300 and 29300?
100
Calculate the highest common divisor of 100 and 179450.
50
What is the highest common factor of 38038 and 1638?
182
What is the highest common factor of 1700 and 6500?
100
What is the greatest common divisor of 1755 and 195750?
135
What is the highest common divisor of 584 and 358868?
292
Calculate the greatest common factor of 177040 and 400.
80
Calculate the highest common factor of 21 and 15239427.
21
What is the highest common factor of 322 and 488313?
161
Calculate the greatest common factor of 2145 and 4212.
39
Calculate the greatest common factor of 2044 and 8468.
292
Calculate the greatest common divisor of 4697 and 19250.
77
What is the greatest common factor of 541277 and 33?
11
Calculate the greatest common divisor of 34 and 117487.
17
Calculate the greatest common divisor of 7 and 122423.
7
What is the greatest common divisor of 9504 and 269676?
1188
Calculate the greatest common factor of 148621 and 687.
229
What is the highest common factor of 147220 and 1700?
340
What is the highest common factor of 11267 and 3781?
19
Calculate the greatest common factor of 10485 and 27.
9
Calculate the greatest common divisor of 7525 and 994.
7
What is the highest common divisor of 18 and 91818?
18
What is the greatest common divisor of 4 and 74644?
4
Calculate the greatest common divisor of 224124 and 304.
76
Calculate the highest common divisor of 640 and 8488.
8
Calculate the greatest common divisor of 53273 and 1503.
167
Calculate the highest common factor of 6090 and 2835.
105
What is the greatest common divisor of 87609 and 30846?
159
Calculate the greatest common factor of 2015 and 3720.
155
Calculate the greatest common factor of 194 and 14162.
194
Calculate the greatest common divisor of 1676 and 12802964.
1676
What is the greatest common factor of 1774 and 2?
2
Calculate the greatest common divisor of 6528 and 10404.
204
What is the highest common factor of 10 and 854000?
10
What is the highest common factor of 642 and 1041966?
642
Calculate the greatest common divisor of 12 and 11204.
4
What is the highest common divisor of 15704 and 364?
52
Calculate the highest common divisor of 4725 and 7749.
189
Calculate the greatest common divisor of 185 and 108299.
37
What is the greatest common divisor of 142631 and 214?
107
Calculate the highest common divisor of 1866 and 162.
6
Calculate the highest common factor of 9265 and 14195.
85
Calculate the highest common factor of 26 and 2119.
13
Calculate the greatest common divisor of 5 and 7843720.
5
Calculate the greatest common divisor of 7520 and 235.
235
Calculate the highest common factor of 2926765 and 5.
5
Calculate the highest common divisor of 12160 and 103740.
380
What is the highest common divisor of 522460 and 10?
10
What is the highest common factor of 4032 and 8352?
288
Calculate the greatest common divisor of 566350 and 20.
10
Calculate the highest common factor of 18 and 93273.
3
Calculate the highest common divisor of 49949 and 6368.
199
Calculate the highest common divisor of 180 and 2730.
30
What is the greatest common factor of 4951044 and 1332?
1332
What is the greatest common divisor of 32 and 557600?
32
Calculate the highest common divisor of 21360640 and 32.
32
What is the greatest common divisor of 9751 and 1771?
7
What is the greatest common factor of 570 and 166212?
114
What is the greatest common divisor of 176 and 7656?
88
What is the highest common factor of 202 and 282497?
101
What is the highest common divisor of 256 and 355776?
64
What is the highest common divisor of 52115 and 875?
35
What is the greatest common divisor of 4 and 875548?
4
Calculate the greatest common divisor of 12 and 2255532.
12
What is the greatest common factor of 2561 and 1164664?
197
Calculate the greatest common factor of 312 and 1002.
6
Calculate the highest common divisor of 264 and 171468.
132
Calculate the greatest common factor of 5587 and 74.
37
What is the highest common factor of 140544 and 97356?
732
What is the greatest common divisor of 24 and 393660?
12
What is the greatest common factor of 522 and 591658?
58
Calculate the highest common divisor of 78545 and 14030.
115
Calculate the greatest common factor of 5928 and 32072.
152
Calculate 